ors of t?
2, 7
Suppose 3*u + 9 = 3*w, 5*w - 21 = 2*u - 3*u. Suppose w*v - 5*v = -11. List the prime factors of v.
11
Let a = 1 - 3. What are the prime factors of 2*(a + 27/2)?
23
Let w be (-10)/5*2/(-4). Let j = -1 + 11. Let b = j + w. List the prime factors of b.
11
Let k be (-3 + 1)*(-1)/(-2). Let j = k + 5. What are the prime factors of j?
2
Suppose -g - 5*m = -48, -3*g - 2*m - 2*m = -122. List the prime factors of g.
2, 19
Suppose -10*y = -7*y - 42. Suppose 2*x + 14 = 4*o, -o + 3*x + 2 = -4. Let b = y - o. What are the prime factors of b?
11
Let l = -82 + 136. What are the prime factors of l?
2, 3
Let g(v) = -3*v + 11. Let c(p) = -3*p + 10. Let o(s) = 4*c(s) - 3*g(s). List the prime factors of o(-3).
2
Let g(l) be the third derivative of -11/6*l**3 - 3/8*l**4 - 2*l**2 + 0*l + 0 + 1/60*l**5. List the prime factors of g(11).
11
Let f(v) = -v**3 + 3*v**2 - 4*v + 2. Let y = -1 + 3. Let m be f(y). List the prime factors of (m/(-5))/(2/60).
2, 3
Let j(t) be the second derivative of 0*t**3 - 1/10*t**5 - t**2 - 1/12*t**4 + 0 + 3*t. List the prime factors of j(-2).
2, 5
Suppose -43 = -5*h + 4*h. Suppose -2 = i - h. List the prime factors of i.
41
Suppose 4*y + 28 = -3*v, 0*y + 4 = -4*y + 3*v. List the prime factors of y/5*(-70)/4.
2, 7
Suppose -4*x + 40 = -5*x. Let h = x + 57. List the prime factors of h.
17
Suppose 0 = 3*o - o + 2*w - 18, -o = -5*w + 21. Suppose -o*a + 51 = z, -a + 0*z - 2*z + 11 = 0. What are the prime factors of a?
13
Suppose 11*f - 9*f - 390 = 0. List the prime factors of f.
3, 5, 13
Let q(o) = -o**3 + 9*o**2 + 9*o + 8. Let b be q(10). Let v be -29*(-3)/(-6)*b. Let u = 43 - v. List the prime factors of u.
2, 7
Let y(q) = 2*q**2 + 7*q - 10. Let l be y(-7). Suppose -2*d - d + l = 0. What are the prime factors of d?
13
Suppose -2*x = -5*x + 21. Let i = x + -4. What are the prime factors of i?
3
Let k(f) = 3*f - 20. What are the prime factors of k(12)?
2
Suppose -3*n - 4 = 2*h, -4*n + 4*h = 11 - 39. Suppose -p + 5 = -n*u, 5*p - 2*u + u = 16. Suppose 24 = p*g - g. What are the prime factors of g?
2, 3
Let a(h) = -9*h - 1. Let i(c) = -19*c - 2. Let y(z) = -5*a(z) + 2*i(z). Let t(o) = o - 7. Let s be t(8). What are the prime factors of y(s)?
2
Let u(r) = r**2 - 2*r + 2. Let q be u(3). Suppose 2*g = 4*t + 66, 0*g - 100 = -q*g - 3*t. List the prime factors of g.
23
Suppose 2*a + 114 = 6*a - 3*x, a - 37 = 5*x. What are the prime factors of a?
3
Suppose -2 = 2*d - 20. Suppose d*q - 6*q = 45. List the prime factors of q.
3, 5
Let p(g) = g**2 + 18*g - 5. What are the prime factors of p(9)?
2, 7, 17
What are the prime factors of (73/4 - (-14)/56)*14?
7, 37
List the prime factors of (1 - 80/4)/(-1).
19
Let i(r) = -r**2 + 3*r - 3. Let m be i(3). Let x = -3 - m. Suppose x = -3*v + v + 8. List the prime factors of v.
2
List the prime factors of (5 - 7 - 4)*(-63)/2.
3, 7
Suppose -9*f = -8*f - 179. List the prime factors of f.
179
Let v = -59 - -187. Suppose -5*f + v = -f. List the prime factors of f.
2
Let f(c) = -c**3 - 6*c**2 - 4*c + 5. Let i be f(-5). Suppose i = -3*o - o. Suppose l - 4 - 6 = o. What are the prime factors of l?
2, 5
Suppose 5*g - 20 = -5*q, 0 = -g + 6*g - 3*q - 12. Let f(t) = t**3 - 3*t**2 + 3*t - 4. Let z be f(g). Suppose z*b = -0*b + 45. What are the prime factors of b?
3
Let d be 1/(-2 + 5)*9. Let w be 6*1/(-2) + d. Suppose -3*n + w*n + 48 = 0. What are the prime factors of n?
2
List the prime factors of ((-8)/10)/((-14)/805).
2, 23
Let t(h) = 2*h**2 - 3*h + 1. Let a(w) = -w - 1. Let f be a(-4). Suppose -2*x = -x - f. What are the prime factors of t(x)?
2, 5
Let r be (2 - 2)/(-2) - -4. Let p = 3 + r. Suppose -p - 1 = -4*s. What are the prime factors of s?
2
What are the prime factors of 133/2 + (-7)/14?
2, 3, 11
Suppose -4*i - i = -25. Suppose f - 2*b = 10, i*f - 62 = 3*b + b. What are the prime factors of f - (2 - 1)*-1?
3, 5
Let u(v) be the second derivative of v**4/6 - v**3 - 3*v**2 - v. What are the prime factors of u(5)?
2, 7
Let x = -4 - -3. Let b be 1*22*x - 0. Let p = -10 - b. List the prime factors of p.
2, 3
Let d(i) = 3*i - 6. Suppose -5*x = 3*f - 2, 2*x = 4*x + 2*f - 4. Let o = x + 6. List the prime factors of d(o).
2, 3
Let t be 1/2*2*4. Suppose -2*d - 8 = -d + t*z, 3*d + 2*z = 26. List the prime factors of d.
2, 3
Let s(k) = k**3 - k + 11. What are the prime factors of s(0)?
11
Let u(m) = -m**2 - 17*m + 15. What are the prime factors of u(-14)?
3, 19
Let f(p) = -p**2 - p + 6. Let n be f(-4). List the prime factors of (-1414)/(-42) - (-4)/n.
3, 11
Suppose -16 = 3*d + d. Let k = -2 + 3. Let u = k - d. What are the prime factors of u?
5
Let k(h) = -h**3 + 7*h**2 + 8*h + 10. Let m be k(8). Suppose -m = -2*a - 0*a. Suppose 11 = -5*d - 4, a*p + 3*d - 6 = 0. What are the prime factors of p?
3
Let n(w) = w**2 - 4*w + 4. Suppose -d + 20 = 5*o, 7*d - 4*d + 20 = 5*o. What are the prime factors of n(o)?
2
Let y = 2 - 0. Let n be 15/9*6/y. List the prime factors of (6/n)/((-8)/(-140)).
3, 7
List the prime factors of ((-1938)/(-10) - 5) + (-1)/(-5).
3, 7
Let h = 0 + 2. Suppose 3*j - k - 26 = j, h*j - 4*k = 20. List the prime factors of j.
2, 7
Let h(d) be the first derivative of -d**3/3 + 5*d**2 - 3*d - 4. What are the prime factors of h(8)?
13
Suppose 0*d - 18 = 3*d. Let x(w) = -w - 4. Let h be x(d). Let n(l) = 3*l**2 + 2*l - 2. What are the prime factors of n(h)?
2, 7
Suppose 0 = -4*z + 3*z. Let y(i) = i**2 - i + 18. Let t be y(z). Suppose -r - 2*v + 3 = -0*r, t = 4*r + 5*v. What are the prime factors of r?
7
Let g = -27 + 40. List the prime factors of g.
13
Let o = 293 + -107. List the prime factors of o.
2, 3, 31
Let g(y) = 118*y**3 + y**2 + 2*y - 1. List the prime factors of g(1).
2, 3, 5
Suppose 11 = 3*x - 4. Suppose n - 3*n - 44 = -x*m, -m = -n - 10. Let l = 2 + m. What are the prime factors of l?
2, 5
Let m = -20 - -33. List the prime factors of (m + -1)/((-6)/(-16)).
2
Suppose -5*t - a = -25, 2*t + 3*a = 6*t - 39. Suppose -t*j = -j - 55. What are the prime factors of j?
11
Suppose 0 = 3*n + 2*n - 10. Suppose s + 3 = 5*o, 2*s - 3 = -n*o + 3*s. Suppose o*w = w - 2. What are the prime factors of w?
2
Suppose 0 = h - 4*h + 66. Let a = -9 + h. What are the prime factors of a?
13
Let x(w) = 5*w**2 - 4*w. What are the prime factors of x(-2)?
2, 7
Let a be 68/(-18) + (-6)/27. Let h = a - -4. Suppose h = c - 5*s - 30, c + c + 3*s = 8. List the prime factors of c.
2, 5
Suppose -g + 18 = 2*g. What are the prime factors of g/9 - (-52)/3?
2, 3
Suppose -k = 71 - 204. List the prime factors of k.
7, 19
Suppose -4*r + 5*l = -0*r - 111, 3*l = -2*r + 61. What are the prime factors of r?
29
Let m = -172 + 111. Let n = -29 - m. List the prime factors of n.
2
Let j be 10*((-14)/4 - -2). Let z = -21 - j. List the prime factors of z/8*(-12 - -8).
3
Let q(r) be the second derivative of r**4/12 + 4*r**3/3 - r**2 - 2*r. What are the prime factors of q(-9)?
7
Suppose 1 = -6*k - 5. Let r(a) = 37*a**2 + a - 1. List the prime factors of r(k).
5, 7
Let h(a) = 8 + 2*a - 5*a**2 + 6*a**2 - a. What are the prime factors of h(0)?
2
Let u = 19 + -1. Suppose 0*k - k + u = 0. List the prime factors of 32/k - (-6)/27.
2
Let t = -1 - 29. What are the prime factors of (108/t)/((-1)/5)?
2, 3
Suppose -2*v + v - 4 = 0. Let x(u) = u**3 + 4*u**2 + 6*u + 4. Let t be x(v). What are the prime factors of 11/4 - 5/t?
3
Suppose -10 = 2*v + 3*w - w, 2*v - 3*w = 0. Let g be -4*((-2)/(-1) + v). Suppose 4*a + 3*l = 13, 7*a + 4*l - 1 = g*a. What are the prime factors of a?
7
Let i be 19 - (-2)/(6/9). Let x = i - 7. List the prime factors of x.
3, 5
Let s(j) = 9*j - 17. Let f(i) = 9*i - 17. Let a(z) = 6*f(z) - 5*s(z). List the prime factors of a(6).
37
Let z be 4/(-2) - (-6 + 0). Let a(d) = d - 1. Let n be a(z). Suppose 3*k - f = -k + 3, 0 = -n*k - f + 11. List the prime factors of k.
2
Let r(h) = h**3 - h**2 + 3. Let s be r(-3). Let u = 48 + s. What are the prime factors of u?
3, 5
Suppose -k + u - 2 = 0, -2*k = -k - 3*u + 10. Suppose -2*l = k*l - 72. What are the prime factors of l?
2, 3
Suppose 0 = -z + 11*z - 3470. What are the prime factors of z?
347
Let b(c) = 0 - 4*c + 0*c - 1 + c**3 - 4*c**2. Let y be b(5). Suppose x - y = 0, 2*a - 4*x - 2 = x. List the prime factors of a.
11
Let d = 8 + -6. List the prime factors of 2 + 1 + d + 10.
3, 5
Let h(q) = -4*q. Let r